Is 1782 a factor of 1595539423?
False
Does 1446 divide 1335620171?
False
Is 2500 a factor of 2520500265?
False
Is 260 a factor of 45199440?
True
Is 465 a factor of 722922480?
True
Does 37 divide 5555637294?
False
Is 16671900 a multiple of 340?
True
Is 22289250 a multiple of 125?
True
Is 205 a factor of 786988235?
True
Does 73 divide 226495348?
True
Is 31973000 a multiple of 153?
False
Is 25929056 a multiple of 656?
True
Does 72 divide 97732786?
False
Does 886 divide 2380634156?
True
Is 1518 a factor of 1163821758?
True
Does 11 divide 51919006?
False
Does 9 divide 41835189?
False
Is 533099047 a multiple of 13?
True
Does 90 divide 4033639080?
True
Does 138 divide 1574403222?
True
Is 78442779 a multiple of 3798?
False
Is 32873680 a multiple of 70?
True
Does 108 divide 135558368?
False
Is 25 a factor of 19582300?
True
Does 331 divide 164944913?
True
Does 10 divide 176730120?
True
Does 378 divide 17113337?
False
Does 997 divide 3907560046?
True
Does 108 divide 9146575?
False
Is 1022 a factor of 118992482?
True
Is 5 a factor of 704399064?
False
Does 1883 divide 126882551?
False
Does 227 divide 170300430?
False
Is 7 a factor of 47431509?
False
Is 181 a factor of 1328594662?
True
Is 2893462 a multiple of 10?
False
Is 580 a factor of 92117932?
False
Is 3273160 a multiple of 44?
True
Is 5727906 a multiple of 174?
True
Is 134523954 a multiple of 161?
False
Is 3 a factor of 78605280?
True
Is 896351760 a multiple of 24?
True
Is 921 a factor of 8494383?
True
Does 2225 divide 48847778?
False
Is 3195 a factor of 1271293695?
True
Does 2997 divide 90890098?
False
Is 36148806 a multiple of 18?
True
Is 593857080 a multiple of 465?
True
Is 186 a factor of 14314746?
True
Is 244205783 a multiple of 16?
False
Is 877798688 a multiple of 1637?
True
Is 218 a factor of 42961139?
False
Is 16728042 a multiple of 420?
False
Is 467 a factor of 465135089?
False
Is 1059 a factor of 1772597279?
False
Is 111772890 a multiple of 10?
True
Is 25 a factor of 18956150?
True
Is 472926606 a multiple of 87?
True
Is 202561663 a multiple of 288?
False
Is 23 a factor of 83888622?
False
Does 2722 divide 208186726?
True
Is 2906503284 a multiple of 10396?
True
Is 191 a factor of 17998312?
True
Is 3173 a factor of 3630356220?
True
Is 836040923 a multiple of 3463?
True
Does 11 divide 1088319515?
False
Does 165 divide 16276987?
False
Does 77 divide 32561452?
True
Does 777 divide 21514353?
True
Is 3116 a factor of 12414144?
True
Is 208 a factor of 458750703?
False
Is 28 a factor of 1301609764?
True
Is 150125736 a multiple of 354?
True
Is 143529030 a multiple of 270?
True
Does 479 divide 1701887?
True
Does 172 divide 571631336?
True
Is 4576715766 a multiple of 2026?
True
Is 27870612 a multiple of 49?
True
Does 1227 divide 66280225?
False
Does 484 divide 155451120?
True
Does 17 divide 3656819?
True
Does 15 divide 886729889?
False
Does 154 divide 4186840?
False
Is 6 a factor of 449841636?
True
Does 7 divide 42941892?
True
Is 158 a factor of 175379842?
True
Is 111947539 a multiple of 11?
True
Is 9 a factor of 225854872?
False
Does 28 divide 489829564?
True
Does 746 divide 182383572?
True
Does 2 divide 2569138?
True
Is 482466755 a multiple of 769?
True
Is 718526184 a multiple of 31?
True
Does 4 divide 12439096?
True
Is 186142214 a multiple of 2747?
True
Does 2959 divide 84665867?
True
Is 357111844 a multiple of 59?
False
Is 10 a factor of 39570750?
True
Is 1021619544 a multiple of 88?
True
Is 390 a factor of 13661148?
False
Is 9188588 a multiple of 4?
True
Is 339 a factor of 26133171?
True
Does 4 divide 598008816?
True
Does 44 divide 114896628?
True
Does 113 divide 98856355?
True
Is 433542875 a multiple of 129?
False
Is 831 a factor of 1262645195?
False
Is 289527256 a multiple of 172?
True
Does 3733 divide 37475587?
True
Does 61 divide 335621634?
True
Is 4077612 a multiple of 6?
True
Is 730447938 a multiple of 77?
False
Is 666 a factor of 292233474?
True
Is 101 a factor of 6161751?
False
Does 5 divide 100048664?
False
Does 5 divide 321663170?
True
Does 966 divide 8619457?
False
Is 91 a factor of 511396920?
False
Is 40 a factor of 3166813520?
True
Does 347 divide 801465789?
False
Is 55 a factor of 59457598?
False
Is 2135575888 a multiple of 9370?
False
Is 11 a factor of 1469351559?
False
Is 469 a factor of 474433761?
False
Is 1552211226 a multiple of 206?
False
Is 90 a factor of 364236096?
False
Is 1371 a factor of 567607710?
True
Is 14578044 a multiple of 663?
True
Is 1072 a factor of 87563971?
False
Is 110582299 a multiple of 19?
True
Is 3159413 a multiple of 77?
False
Is 3659586396 a multiple of 68?
True
Is 31 a factor of 405060849?
True
Does 1001 divide 68969958?
False
Does 6 divide 71335301?
False
Is 35 a factor of 211926658?
False
Does 156 divide 1049390004?
True
Is 21 a factor of 26167843?
False
Is 475 a factor of 4234150?
True
Is 73 a factor of 19139619?
False
Is 246110899 a multiple of 3?
False
Does 120 divide 612494040?
True
Is 421794945 a multiple of 81?
True
Is 2 a factor of 32868346?
True
Is 1605240378 a multiple of 87?
False
Is 617103225 a multiple of 9?
True
Is 638 a factor of 343199340?
True
Does 2 divide 3924063?
False
Does 923 divide 90290629?
True
Is 41499076 a multiple of 2?
True
Is 13 a factor of 66158261?
True
Is 216 a factor of 30395952?
True
Is 3 a factor of 266487543?
True
Is 16 a factor of 587519939?
False
Is 393 a factor of 4429856302?
False
Is 33 a factor of 577971570?
True
Does 7 divide 796899?
False
Does 88 divide 280429600?
True
Is 33485928 a multiple of 12?
True
Is 5837 a multiple of 168?
False
Is 17435951 a multiple of 248?
False
Does 2 divide 1901026?
True
Is 20560522 a multiple of 2?
True
Does 46 divide 389545756?
True
Does 53 divide 21863401?
True
Is 183948963 a multiple of 8?
False
Is 59854433 a multiple of 7?
False
Is 460023012 a multiple of 11532?
True
Is 29258907 a multiple of 56?
False
Is 2030473484 a multiple of 9?
False
Does 4590 divide 3005711010?
True
Is 2122365216 a multiple of 4419?
False
Does 93 divide 1375966786?
False
Is 22 a factor of 117557122?
False
Is 1241 a factor of 2239978?
False
Does 21 divide 20624835?
True
Is 326885280 a multiple of 24?
True
Is 19 a factor of 665278179?
True
Does 4240 divide 723382333?
False
Is 165470628 a multiple of 1214?
True
Does 14 divide 126308510?
False
Is 50 a factor of 187835450?
True
Is 27022507 a multiple of 151?
True
Is 933 a factor of 24202953?
True
Does 190 divide 47623880?
True
Is 50 a factor of 1666663546?
False
Does 91 divide 4393899601?
True
Is 2755 a factor of 223809206?
False
Does 16 divide 54616624?
True
Does 1240 divide 1325369?
False
Is 23705825 a multiple of 247?
True
Is 18 a factor of 521700714?
True
Is 107741615 a multiple of 56?
False
Is 77 a factor of 466081?
True
Does 43 divide 3963470228?
False
Does 14 divide 640877790?
True
Does 13 divide 59554768?
True
Does 5 divide 46960865?
True
Is 845 a factor of 85449301?
False
Is 20123238 a multiple of 141?
True
Does 124 divide 532311664?
True
Is 559581707 a multiple of 1049?
True
Does 1492 divide 908107292?
True
Is 2129 a factor of 1277540514?
True
Is 37200593 a multiple of 22?
False
Is 244 a factor of 11933064?
True
Does 1194 divide 4210368768?
True
Does 6 divide 40428?
True
Does 603 divide 163798920?
True
Is 67 a factor of 1961983?
False
Does 885 divide 8297273?
False
Does 11382 divide 1079704312?
False
Is 1398 a factor of 241961646?
True
Is 18 a factor of 76329591?
False
Is 73 a factor of 228269675?
False
Is 133338089 a multiple of 1411?
True
Is 3976 a factor of 279300094?
False
Is 704630655 a multiple of 8985?
True
Is 22257241 a multiple of 1629?
False
Is 186 a factor of 925515543?
False
Is 1056 a factor of 55120187?
False
Does 1508 divide 103820724?
False
Is 166995994 a multiple of 12?
False
Is 17 a factor of 1212972287?
True
Is 209 a factor of 59650899?
True
Does 100 divide 34079652?
False
Does 499 divide 153915979?
False
Does 13 divide 19892275?
True
Does 8 divide 66504602?
False
Is 221669366 even?
True
Does 48 divide 4184160?
True
Is 6734446 a multiple of 4?
False
Is 13 a factor of 29452331?
False
Is 5 a factor of 342302725?
True
Does 91 divide 1633690604?
True
Does 808 divide 220495462?
False
Does 955 divide 627258325?
True
Is 40942800 a multiple of 20?
True
Does 412 divide 396686696?
False
Is 951 a factor of 69068277?
True
Is 507713574 a mul